{"id":5757,"date":"2021-10-06T17:47:18","date_gmt":"2021-10-06T16:47:18","guid":{"rendered":"https:\/\/www.jthsm.gr\/?page_id=5757"},"modified":"2021-10-06T17:47:18","modified_gmt":"2021-10-06T16:47:18","slug":"5757-2","status":"publish","type":"page","link":"https:\/\/www.jthsm.gr\/?page_id=5757","title":{"rendered":""},"content":{"rendered":"\n<p class=\"has-medium-font-size\" id=\"block-2c74267a-5d83-4ae9-bc93-4f01883654f1\"><strong><span style=\"color:#1b3fab\" class=\"has-inline-color\">Lisbon as a literary tourism site: \u0395ssays of a digital map of Pessoa as a new trigger<\/span><\/strong><\/p>\n\n\n\n<p><a href=\"https:\/\/orcid.org\/0000-0001-7620-0728\" target=\"_blank\" rel=\"noreferrer noopener\"><img loading=\"lazy\" decoding=\"async\" width=\"15\" height=\"15\" class=\"wp-image-4454\" style=\"width: 15px;\" src=\"https:\/\/www.jthsm.gr\/wp-content\/uploads\/2020\/10\/orcid-1-e1603636867626.png\" alt=\"\"><\/a> <em><strong>Ana Margarida Anjo<\/strong>,&nbsp;Polytechnic Institute of C\u00e1vado and Ave, Portugal,<\/em> <a href=\"https:\/\/orcid.org\/0000-0002-8588-2422\" target=\"_blank\" rel=\"noreferrer noopener\"><img loading=\"lazy\" decoding=\"async\" width=\"15\" height=\"15\" class=\"wp-image-4454\" style=\"width: 15px;\" src=\"https:\/\/www.jthsm.gr\/wp-content\/uploads\/2020\/10\/orcid-1-e1603636867626.png\" alt=\"\"><\/a> <em><strong>Bruno Sousa<\/strong><em>,<\/em>&nbsp;Polytechnic Institute of C\u00e1vado and Ave, Portugal<\/em>, <a href=\"https:\/\/orcid.org\/0000-0002-3535-9377\" target=\"_blank\" rel=\"noreferrer noopener\"><img loading=\"lazy\" decoding=\"async\" width=\"15\" height=\"15\" class=\"wp-image-4454\" style=\"width: 15px;\" src=\"https:\/\/www.jthsm.gr\/wp-content\/uploads\/2020\/10\/orcid-1-e1603636867626.png\" alt=\"\"><\/a> <em><strong>Vasco Santos<\/strong>, Instituto Superior de Gest\u00e3o e Administra\u00e7\u00e3o de Santar\u00e9m, Portugal<\/em>, <a href=\"https:\/\/orcid.org\/0000-0003-4074-1586\" target=\"_blank\" rel=\"noreferrer noopener\"><img loading=\"lazy\" decoding=\"async\" width=\"15\" height=\"15\" class=\"wp-image-4454\" style=\"width: 15px;\" src=\"https:\/\/www.jthsm.gr\/wp-content\/uploads\/2020\/10\/orcid-1-e1603636867626.png\" alt=\"\"><\/a> <em><strong>\u00c1lvaro Lopes Dias<\/strong><em>,<\/em>&nbsp;Universidade Lus\u00f3fona, Portugal<\/em> &amp; <a href=\"https:\/\/orcid.org\/0000-0002-9744-506X\" target=\"_blank\" rel=\"noreferrer noopener\"><img loading=\"lazy\" decoding=\"async\" width=\"15\" height=\"15\" class=\"wp-image-4454\" style=\"width: 15px;\" src=\"https:\/\/www.jthsm.gr\/wp-content\/uploads\/2020\/10\/orcid-1-e1603636867626.png\" alt=\"\"><\/a> <em><strong>Marco Valeri<\/strong>, Niccol\u00f2 Cusano University, Italy<\/em><br>Published online: 18 October 2021, JTHSM, 7(2), pp.58-67.<\/p>\n\n\n\n<p>DOI:\u00a0<a rel=\"noreferrer noopener\" href=\"http:\/\/doi.org\/10.5281\/zenodo.5550663\" target=\"_blank\">10.5281\/zenodo.5550663<\/a><\/p>\n\n\n\n<div class=\"wp-block-columns is-layout-flex wp-container-core-columns-is-layout-9d6595d7 wp-block-columns-is-layout-flex\">\n<div class=\"wp-block-column is-layout-flow wp-block-column-is-layout-flow\"><\/div>\n<\/div>\n\n\n\n<div class=\"wp-block-columns is-layout-flex wp-container-core-columns-is-layout-9d6595d7 wp-block-columns-is-layout-flex\">\n<div class=\"wp-block-column is-layout-flow wp-block-column-is-layout-flow\"><\/div>\n<\/div>\n\n\n\n<h3 class=\"wp-block-heading\">BibTeX Export<\/h3>\n\n\n\n<pre class=\"wp-block-preformatted\">@article{margarida_anjo_ana_2021_5550663,\n  author       = {Margarida Anjo, Ana and\n                  Sousa, Bruno and\n                  Santos, Vasco and\n                  Lopes Dias, \u00c1lvaro and\n                  Valeri, Marco},\n  title        = {{Lisbon as a literary tourism site: \u0395ssays of a \n                   digital map of Pessoa as a new trigger}},\n  journal      = {Journal of Tourism, Heritage \\&amp; Services Marketing},\n  year         = 2021,\n  volume       = 7,\n  number       = 2,\n  pages        = {58-67},\n  month        = oct,\n  note         = {{SUBMITTED: APR 2021, 1st REVISION SUBMITTED: JUN \n                   2021, 2nd REVISION SUBMITTED: AUG 2021, ACCEPTED:\n                   SEP 2021, REFEREED ANONYMOUSLY, PUBLISHED ONLINE:\n                   18 OCT 2021}},\n  doi          = {10.5281\/zenodo.5550663},\n  url          = {https:\/\/doi.org\/10.5281\/zenodo.5550663}\n}<\/pre>\n","protected":false},"excerpt":{"rendered":"<p>Lisbon as a literary tourism site: \u0395ssays of a digital map of Pessoa as a new trigger Ana Margarida Anjo,\u00a0Polytechnic Institute of C\u00e1vado and Ave, Portugal, Bruno Sousa,\u00a0Polytechnic Institute of C\u00e1vado and Ave, Portugal, Vasco Santos, Instituto Superior de Gest\u00e3o e Administra\u00e7\u00e3o de Santar\u00e9m, Portugal, \u00c1lvaro Lopes Dias,\u00a0Universidade Lus\u00f3fona, Portugal &amp; Marco Valeri, Niccol\u00f2 Cusano [\u2026]<\/p>\n","protected":false},"author":1,"featured_media":0,"parent":0,"menu_order":0,"comment_status":"closed","ping_status":"closed","template":"","meta":{"footnotes":""},"class_list":["post-5757","page","type-page","status-publish","hentry"],"_links":{"self":[{"href":"https:\/\/www.jthsm.gr\/index.php?rest_route=\/wp\/v2\/pages\/5757","targetHints":{"allow":["GET"]}}],"collection":[{"href":"https:\/\/www.jthsm.gr\/index.php?rest_route=\/wp\/v2\/pages"}],"about":[{"href":"https:\/\/www.jthsm.gr\/index.php?rest_route=\/wp\/v2\/types\/page"}],"author":[{"embeddable":true,"href":"https:\/\/www.jthsm.gr\/index.php?rest_route=\/wp\/v2\/users\/1"}],"replies":[{"embeddable":true,"href":"https:\/\/www.jthsm.gr\/index.php?rest_route=%2Fwp%2Fv2%2Fcomments&post=5757"}],"version-history":[{"count":1,"href":"https:\/\/www.jthsm.gr\/index.php?rest_route=\/wp\/v2\/pages\/5757\/revisions"}],"predecessor-version":[{"id":5774,"href":"https:\/\/www.jthsm.gr\/index.php?rest_route=\/wp\/v2\/pages\/5757\/revisions\/5774"}],"wp:attachment":[{"href":"https:\/\/www.jthsm.gr\/index.php?rest_route=%2Fwp%2Fv2%2Fmedia&parent=5757"}],"curies":[{"name":"wp","href":"https:\/\/api.w.org\/{rel}","templated":true}]}}

<p class="has-medium-font-size" id="block-2c74267a-5d83-4ae9-bc93-4f01883654f1"><strong><span style="color:#1b3fab" class="has-inline-color">Lisbon as a literary tourism site: Εssays of a digital map of Pessoa as a new trigger</span></strong></p>



<p><a href="https://orcid.org/0000-0001-7620-0728" target="_blank" rel="noreferrer noopener"><img loading="lazy" decoding="async" width="15" height="15" class="wp-image-4454" style="width: 15px;" src="https://www.jthsm.gr/wp-content/uploads/2020/10/orcid-1-e1603636867626.png" alt=""></a> <em><strong>Ana Margarida Anjo</strong>,&nbsp;Polytechnic Institute of Cávado and Ave, Portugal,</em> <a href="https://orcid.org/0000-0002-8588-2422" target="_blank" rel="noreferrer noopener"><img loading="lazy" decoding="async" width="15" height="15" class="wp-image-4454" style="width: 15px;" src="https://www.jthsm.gr/wp-content/uploads/2020/10/orcid-1-e1603636867626.png" alt=""></a> <em><strong>Bruno Sousa</strong><em>,</em>&nbsp;Polytechnic Institute of Cávado and Ave, Portugal</em>, <a href="https://orcid.org/0000-0002-3535-9377" target="_blank" rel="noreferrer noopener"><img loading="lazy" decoding="async" width="15" height="15" class="wp-image-4454" style="width: 15px;" src="https://www.jthsm.gr/wp-content/uploads/2020/10/orcid-1-e1603636867626.png" alt=""></a> <em><strong>Vasco Santos</strong>, Instituto Superior de Gestão e Administração de Santarém, Portugal</em>, <a href="https://orcid.org/0000-0003-4074-1586" target="_blank" rel="noreferrer noopener"><img loading="lazy" decoding="async" width="15" height="15" class="wp-image-4454" style="width: 15px;" src="https://www.jthsm.gr/wp-content/uploads/2020/10/orcid-1-e1603636867626.png" alt=""></a> <em><strong>Álvaro Lopes Dias</strong><em>,</em>&nbsp;Universidade Lusófona, Portugal</em> &amp; <a href="https://orcid.org/0000-0002-9744-506X" target="_blank" rel="noreferrer noopener"><img loading="lazy" decoding="async" width="15" height="15" class="wp-image-4454" style="width: 15px;" src="https://www.jthsm.gr/wp-content/uploads/2020/10/orcid-1-e1603636867626.png" alt=""></a> <em><strong>Marco Valeri</strong>, Niccolò Cusano University, Italy</em><br>Published online: 18 October 2021, JTHSM, 7(2), pp.58-67.</p>



<p>DOI: <a rel="noreferrer noopener" href="http://doi.org/10.5281/zenodo.5550663" target="_blank">10.5281/zenodo.5550663</a></p>



<div class="wp-block-columns is-layout-flex wp-container-core-columns-is-layout-9d6595d7 wp-block-columns-is-layout-flex">
<div class="wp-block-column is-layout-flow wp-block-column-is-layout-flow"></div>
</div>



<div class="wp-block-columns is-layout-flex wp-container-core-columns-is-layout-9d6595d7 wp-block-columns-is-layout-flex">
<div class="wp-block-column is-layout-flow wp-block-column-is-layout-flow"></div>
</div>



<h3 class="wp-block-heading">BibTeX Export</h3>



<pre class="wp-block-preformatted">@article{margarida_anjo_ana_2021_5550663,
  author       = {Margarida Anjo, Ana and
                  Sousa, Bruno and
                  Santos, Vasco and
                  Lopes Dias, Álvaro and
                  Valeri, Marco},
  title        = {{Lisbon as a literary tourism site: Εssays of a 
                   digital map of Pessoa as a new trigger}},
  journal      = {Journal of Tourism, Heritage \&amp; Services Marketing},
  year         = 2021,
  volume       = 7,
  number       = 2,
  pages        = {58-67},
  month        = oct,
  note         = {{SUBMITTED: APR 2021, 1st REVISION SUBMITTED: JUN 
                   2021, 2nd REVISION SUBMITTED: AUG 2021, ACCEPTED:
                   SEP 2021, REFEREED ANONYMOUSLY, PUBLISHED ONLINE:
                   18 OCT 2021}},
  doi          = {10.5281/zenodo.5550663},
  url          = {https://doi.org/10.5281/zenodo.5550663}
}</pre>

<p>Lisbon as a literary tourism site: Εssays of a digital map of Pessoa as a new trigger Ana Margarida Anjo, Polytechnic Institute of Cávado and Ave, Portugal, Bruno Sousa, Polytechnic Institute of Cávado and Ave, Portugal, Vasco Santos, Instituto Superior de Gestão e Administração de Santarém, Portugal, Álvaro Lopes Dias, Universidade Lusófona, Portugal &amp; Marco Valeri, Niccolò Cusano […]</p>
